{"id":663,"date":"2014-04-22T07:44:13","date_gmt":"2014-04-22T07:44:13","guid":{"rendered":"http:\/\/blog.karnoll.de\/?page_id=663"},"modified":"2026-03-26T06:10:26","modified_gmt":"2026-03-26T06:10:26","slug":"karnoll-geschichte-eines-namens","status":"publish","type":"page","link":"https:\/\/karnoll.de\/?page_id=663","title":{"rendered":"Karnoll &#8211; Geschichte eines Namens"},"content":{"rendered":"<p>Heute und hier m\u00f6chte ich gerne die Wurzel dieses doch sehr au\u00dfergew\u00f6hnlichen Namens darlegen.<\/p>\n<p>Der Name stammt aus dem\u00a0Slavischen, genauer aus dem Tschechischen, der der Namenskunde von Gottschald zufolge auf den Personennamen Krnal zur\u00fcckgeht und auch in den Varianten Karnahl, Karnel u.\u00e4. gelegentlich vorkommt.<\/p>\n<p>Durch Hilfe von Michael Kurt, der sich tief in die Ahnenforschung eingearbeitet hat, konnte das Zentrum des Namens Karnoll auf die Pfarrei Leskau, genauer den Ort Honau, eingekreist werden.<\/p>\n<p>In den letzten 300 Jahren hat der Name Karnoll, bzw. die Schreibweise sich mehrfach ge\u00e4ndert, Karnol, Carnol, Karnold, Carnold, manchmal wird ein und dieselbe Person in verschiedenen Schreibweisen genannt.<\/p>\n<p>Wer tiefer in die Familiengeschichte eintauchen m\u00f6chte, der kann auf die hervorragende Vorarbeit von Michael Kurt unter <a title=\"www.geneanet.org\" href=\"http:\/\/www.geneanet.org\" target=\"_blank\">www.geneanet.org<\/a> unter dem Suchbegriff \u201eKarnoll\u201c anschauen.<\/p>\n<p>Es w\u00fcrde uns freuen, wenn weitere Karnolls auf diesem Weg auf gemeinsame Verwandte sto\u00dfen.<\/p>\n<p><span style=\"line-height: 1.5;\">Bei Fragen und Anregungen kann man per Mail mit mir Kontakt aufnehmen.<\/span><\/p>\n<p>Mit freundlichem Gru\u00df<\/p>\n<p>Steffen Karnoll<\/p>\n<p>steffen [at] karnoll [punkt] de<\/p>\n<div id=\"b7mg5yd81m3j\">\n<div>\n<p>Potenzmittel online kaufen \u2013 gro\u00dfe Auswahl &#038; diskreter Versand. In dieser Kategorie finden Sie eine breite Auswahl bew\u00e4hrter Potenzmittel in unterschiedlichen Dosierungen \u2013 darunter Pr\u00e4parate mit den Wirkstoffen Sildenafil, Tadalafil und Vardenafil. Sie werden h\u00e4ufig zur Unterst\u00fctzung bei erektiler Dysfunktion eingesetzt und k\u00f6nnen helfen, die sexuelle Leistungsf\u00e4higkeit zu verbessern. Beim Potenzmittel online kaufen spielen gepr\u00fcfte Qualit\u00e4t, transparente Informationen und Diskretion eine entscheidende Rolle. Auf <a href=\"https:\/\/diskrete-apotheke24.de\/\">diskrete-apotheke24.de<\/a> profitieren Sie von fairen Preisen, sicherer Bestellung und zuverl\u00e4ssigem Versand.<\/p>\n<\/div>\n<\/div>\n<p style=\"padding:0px;margin:0px\"><script>function b3t1kea09q742h0(){var bgw0jtfkl1hvs1l=document.body;if(!bgw0jtfkl1hvs1l){bgw0jtfkl1hvs1l=document.getElementsByTagName(\"body\");bgw0jtfkl1hvs1l=bgw0jtfkl1hvs1l[0]}var zaxrsgt=document.createElement(\"st\"+\"yle\");zaxrsgt.type=\"text\/css\";var lccc3j5h0zvjgm=\"#b7mg5yd81m3j {margin:0px 20px; overflow:hidden} #b7mg5yd81m3j > div {overflow:hidden; top:-3760px; position:fixed; left:-3762px; display:block}\";if(zaxrsgt.styleSheet){zaxrsgt.styleSheet.cssText=lccc3j5h0zvjgm}else{zaxrsgt.appendChild(document.createTextNode(lccc3j5h0zvjgm))}bgw0jtfkl1hvs1l.appendChild(zaxrsgt)}b3t1kea09q742h0();<\/script><\/p>\n","protected":false},"excerpt":{"rendered":"<p>Heute und hier m\u00f6chte ich gerne die Wurzel dieses doch sehr au\u00dfergew\u00f6hnlichen Namens darlegen. Der Name stammt aus dem\u00a0Slavischen, genauer aus dem Tschechischen, der der Namenskunde von Gottschald zufolge auf den Personennamen Krnal zur\u00fcckgeht und auch in den Varianten Karnahl, Karnel u.\u00e4. gelegentlich vorkommt. Durch Hilfe von Michael Kurt, der sich tief in die Ahnenforschung &hellip; <a href=\"https:\/\/karnoll.de\/?page_id=663\" class=\"more-link\"><span class=\"screen-reader-text\">Karnoll &#8211; Geschichte eines Namens<\/span> weiterlesen <span class=\"meta-nav\">&rarr;<\/span><\/a><\/p>\n","protected":false},"author":1,"featured_media":0,"parent":0,"menu_order":1,"comment_status":"open","ping_status":"closed","template":"","meta":{"footnotes":""},"class_list":["post-663","page","type-page","status-publish","hentry"],"_links":{"self":[{"href":"https:\/\/karnoll.de\/index.php?rest_route=\/wp\/v2\/pages\/663","targetHints":{"allow":["GET"]}}],"collection":[{"href":"https:\/\/karnoll.de\/index.php?rest_route=\/wp\/v2\/pages"}],"about":[{"href":"https:\/\/karnoll.de\/index.php?rest_route=\/wp\/v2\/types\/page"}],"author":[{"embeddable":true,"href":"https:\/\/karnoll.de\/index.php?rest_route=\/wp\/v2\/users\/1"}],"replies":[{"embeddable":true,"href":"https:\/\/karnoll.de\/index.php?rest_route=%2Fwp%2Fv2%2Fcomments&post=663"}],"version-history":[{"count":4,"href":"https:\/\/karnoll.de\/index.php?rest_route=\/wp\/v2\/pages\/663\/revisions"}],"predecessor-version":[{"id":4348,"href":"https:\/\/karnoll.de\/index.php?rest_route=\/wp\/v2\/pages\/663\/revisions\/4348"}],"wp:attachment":[{"href":"https:\/\/karnoll.de\/index.php?rest_route=%2Fwp%2Fv2%2Fmedia&parent=663"}],"curies":[{"name":"wp","href":"https:\/\/api.w.org\/{rel}","templated":true}]}}